ve of -2*c**3/3 + c + 5. Let a = -4 + 6. Suppose h = -h - a. Give i(h).
-1
Suppose -4*o + 37 = -s, 0*s - 44 = -5*o - s. Let l(t) = -4*t - o*t + 12*t. Determine l(-1).
1
Let k(d) = d**2 + 7*d + 6. Let p = 16 - 21. Determine k(p).
-4
Let s(t) be the first derivative of -7*t**2/2 - 3*t + 33. Give s(-2).
11
Let j(a) be the first derivative of -a**6/360 - 4*a**3/3 - 4. Let m(p) be the third derivative of j(p). Determine m(1).
-1
Let i(l) be the first derivative of 0*l - 1/2*l**4 + l**2 - 9 + 0*l**3. Give i(-2).
12
Let v(q) = q - 5. Let w be v(8). Suppose -w*z = z. Let s = z + 3. Let c(l) = -l**2 + 4*l - 1. Give c(s).
2
Let r(b) = b**2 + 7*b - 2. Let n be r(-6). Let f be n/(-6)*12/8. Suppose 1 = f*v - 3*z + 6, 0 = 4*v - 4*z + 4. Let i(q) = q**2 - 2. Determine i(v).
2
Let n(t) = t**2 + 7*t + 8. Let b(j) = -2*j + 1. Let p be b(-1). Suppose -o - p*o + 5*s - 9 = 0, 0 = -s - 3. Determine n(o).
2
Suppose 0 = -0*s + s. Let q(r) = r**2 - r. Determine q(s).
0
Let t(z) = -2*z**3 + 2*z - 1. Suppose 3*x + 1 = -2*h, 4*x + 26 - 6 = 0. Let m = -2 + h. Suppose m*g = 2*a - 12, -5*a - 4*g - 3 = -0. Calculate t(a).
-1
Let u be 16/(-40)*(-4 - 1). Let x(o) = -u - 1 + o - 3*o**3 + 4 + 2*o**3. Determine x(-1).
1
Suppose -3*g = 6 + 6. Let m(b) = b**2 + 4*b - 1. Give m(g).
-1
Let j(l) = -1 - 5*l**2 + 14*l**3 - 19*l - 15*l**3 + 15*l. Calculate j(-4).
-1
Let s(b) be the third derivative of b**5/40 - b**4/8 - b**3/2 + 6*b**2. Let f(q) be the first derivative of s(q). What is f(2)?
3
Let h = 10 + -8. Suppose -5*k - 4 = -h*j, 0*k - 16 = -3*j + 5*k. Suppose 0*v - j = 3*v. Let c(b) = b**3 + 3*b**2 - 4*b + 3. What is c(v)?
3
Suppose -6*r = 68 - 110. Let j(v) = -v**2 + 5*v + 10. Calculate j(r).
-4
Let a(g) = -67 - 67 - g + 134. What is a(5)?
-5
Let c(n) = 6*n + 2. Let w(g) = -7*g - 2. Let k(z) = 5*c(z) + 4*w(z). Determine k(-4).
-6
Let h(b) = 11*b**2 + 3*b + 54. Let d(q) = -4*q**2 - q - 18. Let p(r) = 8*d(r) + 3*h(r). What is p(0)?
18
Let z(h) = h**2 - 4. Let y = -19 + 26. Suppose 5*s - 2*k = -4*k - y, 1 = s + k. Give z(s).
5
Suppose 0 = 2*h + 5*h - 21. Let y(j) = -j**3 + 2*j**2 + 3*j + 2. Calculate y(h).
2
Let s(g) = 6*g**2 + 41*g - 11. Let l(b) = -b**2 - 8*b + 2. Let a(z) = -11*l(z) - 2*s(z). Let t be (9/(-6))/((-5)/20). Determine a(t).
0
Let n(b) = 6*b - 2. Let c be (3/4)/((-108)/(-16) + -7). Determine n(c).
-20
Let y(b) = -7*b**2 - 6*b - 3*b**2 - 3 + 0*b**2 + 11*b**2. Calculate y(7).
4
Let j(b) = b**3 + 4*b**2 - b - 2. Suppose -8*m = -12*m - 16. Determine j(m).
2
Let w(v) = -10*v**2 + 5*v + 17*v**2 - 7*v. Calculate w(2).
24
Let w(f) = 3 + f**3 + 0 + 0 + 3*f**2 + 4*f. Give w(-3).
-9
Suppose c = -0*c + 2. Let j(k) = -2 - k - c + 8. Give j(4).
0
Let x(h) = -2*h**3 - h**2 + 3*h + 4. Let r(d) = -3*d**3 - d**2 + 4*d + 6. Let q(u) = -5*r(u) + 7*x(u). What is q(2)?
0
Let m(b) = 9*b + 1. Let n be m(-1). Let p = n + 6. Let i(v) = v**2 + 7*v - 7. Let f(r) = 4*r - 4. Let k(q) = 5*f(q) - 3*i(q). Determine k(p).
-9
Let z(d) be the third derivative of 7*d**4/12 + d**3/6 + 12*d**2. Give z(-1).
-13
Let a(p) = -12*p**2 + 2*p + 4 - 5 + 10*p**2. What is a(2)?
-5
Let k(n) = -2*n**2 - 8*n - 3. Let w(m) = -m**2 - m. Let q(y) = -k(y) + 3*w(y). What is q(4)?
7
Suppose -27 + 2 = 5*d. Let x(p) = 2*p**2 + 3*p + 3. Let h(r) = -3*r**2 - 6*r - 7. Let j(i) = d*x(i) - 3*h(i). Suppose 3*s = 6 + 9. What is j(s)?
-4
Suppose -i - 20 = -6*i. Let p(k) = 3*k**2 + k + 1. Let h be p(-2). Let q(j) = 3 - h + 0*j - j + 6. Calculate q(i).
-6
Let w(b) = 6*b + 14. Let y(z) = -z. Let p(o) = -w(o) - 5*y(o). Calculate p(-7).
-7
Suppose 5*r + 17 = 7. Let u be 3 + 0 + (9 - 8). Let d(q) = -6*q**2 - u*q + q + 4*q**2. Determine d(r).
-2
Let j(x) be the first derivative of -1/4*x**4 + x - 2*x**2 - 5/3*x**3 + 1. Let k = 12 + -15. Determine j(k).
-5
Let c(o) be the first derivative of -1/4*o**4 - 5/3*o**3 + 3 + 0*o**2 + 3*o. Determine c(-5).
3
Let j(t) = t**3 + 4*t**2 - 5. Let x(z) = -3*z - 1 + 4 + 4*z**2 + 3 + z**3. Let b be x(-5). What is j(b)?
-5
Let r(g) = -3*g - 11. Suppose -9 = 2*j + 7. What is r(j)?
13
Suppose -2*o - 2 = -6. Let r = o - 8. Let x(g) = -4*g**2 - 9*g - 4. Let h(j) = 11*j**2 + 26*j + 13. Let n(z) = -3*h(z) - 8*x(z). What is n(r)?
-7
Let a(g) = g**2 + 3*g - 5. Suppose -4*p + 27 - 7 = 0. Let y = p - 9. Give a(y).
-1
Let w be 3 - 0 - (-1)/1. Let f(i) = 2*i - 3*i + i - 2*i - w. Give f(-4).
4
Let z(d) = -3*d + 6 + 5*d + d**2 + 2 - 5. Calculate z(-3).
6
Suppose -4*t = z + 5, 2*z = 7*z + t + 6. Let q(o) = 7*o + 7. Let f(b) = 3*b + 3. Let j(h) = 5*f(h) - 2*q(h). Determine j(z).
0
Let l = 96 + -101. Let d(m) = -m**2 - 7*m - 7. Determine d(l).
3
Let n(l) = l**3 - 2*l**2 - 2*l + 2. Let k be n(3). Let p(r) be the second derivative of r**3/6 + r. What is p(k)?
5
Let l(b) = b + 0*b + 2*b. Let d = -2 + 3. Let o be -4*(d/(-2) - -1). Determine l(o).
-6
Let w be -12*(3 - (-5)/(-2)). Let p = w + 7. Let c(y) = -y**2 + y + 1. Let q(j) = 3*j**2 + 3*j + 2. Let d(t) = -2*c(t) + q(t). Determine d(p).
6
Let o(d) = d - 5. Suppose 4*s - 6 = 6. Let w be o(s). Let x(q) be the second derivative of -q**3/3 - q**2/2 - 44*q. Give x(w).
3
Let d(x) = -x**2 + 5. Let l be d(-4). Let b(h) = 9*h. Let j(a) = -5*a. Let n(z) = l*j(z) - 6*b(z). Let c be 8/(-3)*(-6)/(-4). Determine n(c).
-4
Suppose 0 = 3*c - 0*c - 6. Suppose -2*d - 8 = -c*k + d, 5*k - 13 = 4*d. Let f(r) = -4*r - k + r**2 - 1 + 1. What is f(3)?
-4
Let p(l) = -l - 1. Let g be 2/(-9) + (-4)/(-18). Calculate p(g).
-1
Let d(r) = -2*r + 7. Let y = 43 - 37. What is d(y)?
-5
Let c(a) = -12*a - 9. Let i(q) = 6*q + 5. Let l(w) = 4*c(w) + 7*i(w). Let o = 3 - 3. Let m = o + -1. Calculate l(m).
5
Let d(p) be the first derivative of 3*p**2 + 2*p + 15. Give d(-2).
-10
Suppose -54 = -5*t + 2*t. Let n be (t/4)/(9/24). Suppose 0 = -2*q - n. Let b(a) = a**2 + 7*a + 7. Give b(q).
1
Let n(b) = b + 1. Suppose -2*p - 2*p = -20. Let s(t) = -4*t - 5. Let f(d) = p*n(d) + s(d). Give f(1).
1
Suppose 5*y = 3*u - 3 + 8, 3*u = 2*y - 2. Let f(m) = -m**2 + u - 4*m + 0*m - 3. Let g = -11 + 7. What is f(g)?
-3
Let u(n) = -n - 1. Let p be 21/6*(-8)/(-14). Suppose 3*k + 5*g = 28, -5*k + p = 5*g - 28. Determine u(k).
-2
Let b = -4 - -8. Let j(m) = -m**2 + 4*m + 2. Let o be j(b). Suppose -8 = 4*n - 4*v, -n - 4*v + o*v = 8. Let w(t) = -3*t - 6. What is w(n)?
6
Let n(j) be the first derivative of -5*j**2 + j - 1. What is n(1)?
-9
Let w(n) be the second derivative of 0 + 3/2*n**2 - 3*n - 7/3*n**3 + 7/12*n**4. Let r(m) = -3*m**2 + 7*m - 2. Let c(u) = 5*r(u) + 2*w(u). Calculate c(5).
6
Let u(j) = -4*j - 1. Let i be u(-2). Suppose -5*m + 6*s + i = 4*s, 0 = -4*m + 3*s. Let t(l) = -6*l**3 + 5*l**3 + 2*l - 4 + 4*l**2 + 0*l**m. Give t(4).
4
Let k be ((-3)/(-2))/((-9)/(-96)). Suppose 2*h + 0*h - 5*c = 20, 4*c = h - k. Let l(b) = 3*b + 0*b**2 - 1 + b**2 - 4*b. Calculate l(h).
-1
Let n(j) = -3 - 10*j + 18*j**2 - 3 - 19*j**2. Give n(-8).
10
Let i(p) = -p + 1. Let d = 6 + 3. What is i(d)?
-8
Let k(z) = -z**2 + 2. Let x be -3 + 4 + 2 + -1. Suppose -r = 3*h - x, r - 2*h + 6*h - 2 = 0. What is k(r)?
-2
Let u(i) be the second derivative of i**3/3 - i**2 - 2*i. Let g be (-7 - 2) + 2/2. Let x be (-28)/g + (-2)/4. What is u(x)?
4
Let a(h) = -2*h + 2. Suppose 2*m + 55 = 5*z - 54, m = -z + 19. Suppose -3*x - 8 = -5*p + 9, 0 = 4*p + 5*x - z. Calculate a(p).
-6
Suppose -26*z = -29*z - 9. Let i(k) = -4*k - 2. What is i(z)?
10
Let t(o) = -9*o**2 - 2*o**3 - 10*o**2 + 20*o**2 + 2. Let k be (-3 - (-1 - 0)) + 4. Determine t(k).
-10
Let p(c) = c**3 - 2*c**2 - 7*c - 5. Let d be p(4). Let r(h) = h**3 - h**2 + 1. Let l(b) = 6*b**3 + b**2 + 7*b + 9. Let w(y) = d*l(y) + 5*r(y). What is w(-5)?
6
Let o(f) = f**3 - 6*f + 0*f**3 - 3 + 2*f**2 - 2*f + 3*f. Give o(-3).
3
Let c be (-48 - 0)/(-2) - -3. Let y = c - 22. Let b(l) = l**3 - 5*l**2 + 1. Give b(y).
1
Let x(v) be the first derivative of -31*v**3/3 - v**2 + v + 42. Give x(1).
-32
Let l(h) be the second derivative of -5*h**3/6 + h**2 - 50*h. Give l(3).
-13
Let y(s) = s**2 + 5*s - 1. Suppose 0 = -8*l - 26 - 38. Determine y(l).
23
Let b(v) be the third derivative of -v**5/60 + v**4/4 - v**3/6 - v**2. Suppose 5*l - 5 = -5*x, -x - l + 21 = 4*x. What is b(x)?
4
Let z(i) = i**2 - 7*i + 7. Let w be z(6). Let v = w - -4. Let q(d) = d**2 - 5*d + 1. Give q(v).
1
Let x(r) = 4*r + 2 - 3*r - 8. Suppose -2*o + 5 + 3 = 0. Let v = 7